vided by 2690?
1091
What is the remainder when 87242033 is divided by 11?
10
Calculate the remainder when 175772 is divided by 5095.
2542
Calculate the remainder when 18509243 is divided by 411316.
23
Calculate the remainder when 35866 is divided by 568.
82
Calculate the remainder when 22370834 is divided by 107552.
18
What is the remainder when 55662 is divided by 881?
159
Calculate the remainder when 388237 is divided by 844.
841
What is the remainder when 344547 is divided by 4362?
4311
Calculate the remainder when 388961 is divided by 305.
86
What is the remainder when 28256 is divided by 2796?
296
What is the remainder when 141576673 is divided by 6155507?
12
Calculate the remainder when 2517322 is divided by 375.
322
What is the remainder when 23408566 is divided by 2088?
2086
What is the remainder when 229833069 is divided by 8839733?
11
Calculate the remainder when 509890 is divided by 1311.
1222
Calculate the remainder when 26597322 is divided by 96367.
30
What is the remainder when 34909 is divided by 2048?
93
Calculate the remainder when 3808270 is divided by 24.
22
What is the remainder when 130942 is divided by 65378?
186
What is the remainder when 483851 is divided by 10706?
2081
Calculate the remainder when 9986446 is divided by 1048.
54
Calculate the remainder when 49265 is divided by 48755.
510
What is the remainder when 9946264 is divided by 4973081?
102
Calculate the remainder when 5998440 is divided by 5998407.
33
Calculate the remainder when 519803 is divided by 64884.
731
What is the remainder when 2489711 is divided by 54?
41
Calculate the remainder when 4512 is divided by 3474.
1038
What is the remainder when 1183883 is divided by 4889?
745
Calculate the remainder when 37924 is divided by 3158.
28
What is the remainder when 199288 is divided by 1915?
128
Calculate the remainder when 390611071 is divided by 4924.
4923
What is the remainder when 937803 is divided by 93751?
293
Calculate the remainder when 2717316 is divided by 46053.
189
What is the remainder when 40852 is divided by 40436?
416
Calculate the remainder when 144346015 is divided by 718.
13
What is the remainder when 117792 is divided by 39041?
669
What is the remainder when 104735 is divided by 4260?
2495
What is the remainder when 214273 is divided by 851?
672
Calculate the remainder when 1988978 is divided by 5833.
5758
Calculate the remainder when 333447 is divided by 304.
263
What is the remainder when 147270 is divided by 648?
174
Calculate the remainder when 3787184 is divided by 101.
88
What is the remainder when 1078589 is divided by 53925?
89
What is the remainder when 650884687 is divided by 5672?
5671
Calculate the remainder when 177177 is divided by 909.
831
Calculate the remainder when 64205 is divided by 625.
455
Calculate the remainder when 1044226 is divided by 8488.
202
Calculate the remainder when 834777 is divided by 205.
17
What is the remainder when 12522477 is divided by 236273?
8
What is the remainder when 40275 is divided by 19300?
1675
What is the remainder when 130175 is divided by 10001?
162
Calculate the remainder when 533470 is divided by 266726.
18
Calculate the remainder when 313509526 is divided by 14.
8
What is the remainder when 10104282 is divided by 2102?
2070
What is the remainder when 61260 is divided by 79?
35
What is the remainder when 151823 is divided by 520?
503
Calculate the remainder when 19086098 is divided by 209737.
31
What is the remainder when 6762471 is divided by 270493?
146
Calculate the remainder when 54631108 is divided by 129.
124
What is the remainder when 144558 is divided by 36123?
66
What is the remainder when 488463 is divided by 602?
241
Calculate the remainder when 251203757 is divided by 13221250.
7
Calculate the remainder when 15705853 is divided by 2617638.
25
Calculate the remainder when 1796206 is divided by 598719.
49
Calculate the remainder when 73966 is divided by 24332.
970
What is the remainder when 2018839 is divided by 4936?
15
Calculate the remainder when 6842964 is divided by 14.
2
Calculate the remainder when 369840 is divided by 675.
615
What is the remainder when 1167344 is divided by 299?
48
Calculate the remainder when 2051147337 is divided by 66.
63
What is the remainder when 6075405 is divided by 1480?
5
Calculate the remainder when 1620487 is divided by 22198.
33
What is the remainder when 95129016 is divided by 67804?
4
Calculate the remainder when 10614433 is divided by 40.
33
Calculate the remainder when 7460409 is divided by 58.
43
Calculate the remainder when 13452230 is divided by 21218.
18
What is the remainder when 216086 is divided by 214970?
1116
Calculate the remainder when 2381041417 is divided by 1564.
1561
What is the remainder when 13191606 is divided by 17?
14
Calculate the remainder when 61146975 is divided by 57.
54
What is the remainder when 40150415 is divided by 7?
4
Calculate the remainder when 20490829 is divided by 19441.
15
What is the remainder when 21393343 is divided by 101873?
13
What is the remainder when 6178258 is divided by 740?
738
What is the remainder when 1154950675 is divided by 26?
21
Calculate the remainder when 2215996 is divided by 14.
6
Calculate the remainder when 3446777 is divided by 1041.
26
What is the remainder when 1402378 is divided by 384?
10
Calculate the remainder when 37694 is divided by 1321.
706
Calculate the remainder when 72926699 is divided by 214.
207
What is the remainder when 74850 is divided by 37211?
428
What is the remainder when 62600 is divided by 2525?
2000
What is the remainder when 201786 is divided by 33615?
96
What is the remainder when 3749322 is divided by 26036?
138
What is the remainder when 1962801 is divided by 5756?
5
Calculate the remainder when 10639689 is divided by 252.
249
What is the remainder when 2598883 is divided by 3281?
331
What is the remainder when 85440074 is divided by 297?
5
Calculate the remainder when 841917 is divided by 7722.
219
What is the remainder when 2961657 is divided by 2190?
777
Calculate the remainder when 96130 is divided by 30562.
4444
What is the remainder when 1465422 is divided by 488474?
0
Calculate the remainder when 78385584 is divided by 1152729.
12
Calculate the remainder when 5952352 is divided by 248005.
232
Calculate the remainder when 28633364 is divided by 6282.
8
Calculate the remainder when 163058194 is divided by 52.
26
Calculate the remainder when 2019057 is divided by 881.
686
What is the remainder when 21829897 is divided by 292?
269
Calculate the remainder when 14783063 is divided by 81.
77
Calculate the remainder when 522587 is divided by 58007.
524
What is the remainder when 32703263 is divided by 96?
95
Calculate the remainder when 76111 is divided by 72.
7
Calculate the remainder when 7911736 is divided by 2347.
2346
What is the remainder when 867722 is divided by 13?
11
What is the remainder when 180359551 is divided by 76?
75
Calculate the remainder when 1591240 is divided by 6630.
40
Calculate the remainder when 5331764 is divided by 7946.
7944
Calculate the remainder when 545566 is divided by 3686.
38
Calculate the remainder when 1148917 is divided by 4046.
3899
Calculate the remainder when 21531 is divided by 4299.
36
Calculate the remainder when 157754 is divided by 19717.
18
Calculate the remainder when 801342 is divided by 400556.
230
Calculate the remainder when 1130588 is divided by 6146.
5870
What is the remainder when 123409707 is divided by 7493?
7490
What is the remainder when 8571316 is divided by 87?
76
What is the remainder when 42258 is divided by 20754?
750
What is the remainder when 163874 is divided by 227?
207
Calculate the remainder when 45797 is divided by 3185.
1207
What is the remainder when 4102737 is divided by 1117?
1113
What is the remainder when 57880 is divided by 43?
2
What is the remainder when 473177 is divided by 545?
117
What is the remainder when 562693 is divided by 69926?
3285
Calculate the remainder when 31419071 is divided by 397709.
60
What is the remainder when 119682 is divided by 1923?
456
Calculate the remainder when 79744 is divided by 13194.
580
Calculate the remainder when 4592387 is divided by 420.
107
Calculate the remainder when 98104 is divided by 3164.
20
Calculate the remainder w